{"id":114,"date":"2023-05-25T18:31:28","date_gmt":"2023-05-25T18:31:28","guid":{"rendered":"https:\/\/ausatmen-qigong.de\/?page_id=3"},"modified":"2023-05-25T18:31:28","modified_gmt":"2023-05-25T18:31:28","slug":"privacy-policy-2","status":"publish","type":"page","link":"https:\/\/ausatmen-qigong.de\/?page_id=114","title":{"rendered":"Impressum, Datenschutz &#038; Cookies"},"content":{"rendered":"\n<p>Datenschutzerkl\u00e4rung:<\/p>\n\n\n\n<p>Vielen Dank, dass Sie unsere Website &#8222;ausatmen-qigong.de&#8220; besuchen. Der Schutz Ihrer pers\u00f6nlichen Daten ist uns wichtig. Nachfolgend informieren wir Sie dar\u00fcber, welche Daten w\u00e4hrend Ihres Besuchs erfasst und wie diese genutzt werden:<\/p>\n\n\n\n<ol class=\"wp-block-list\">\n<li>Erfassung und Verwendung von Daten Wir erfassen und verwenden personenbezogene Daten nur, wenn Sie uns diese freiwillig zur Verf\u00fcgung stellen, zum Beispiel durch das Ausf\u00fcllen von Kontaktformularen oder bei der Anmeldung zu unseren Qigong-Kursen. Die von Ihnen bereitgestellten Daten werden ausschlie\u00dflich f\u00fcr den angegebenen Zweck verwendet, es sei denn, Sie haben ausdr\u00fccklich einer anderen Verwendung zugestimmt.<\/li>\n\n\n\n<li>Datenweitergabe an Dritte Wir geben Ihre personenbezogenen Daten nicht ohne Ihre ausdr\u00fcckliche Zustimmung an Dritte weiter, es sei denn, wir sind gesetzlich dazu verpflichtet.<\/li>\n\n\n\n<li>Datensicherheit Wir treffen angemessene technische und organisatorische Ma\u00dfnahmen, um Ihre Daten vor Verlust, Missbrauch oder unbefugtem Zugriff zu sch\u00fctzen. Unsere Sicherheitsma\u00dfnahmen werden regelm\u00e4\u00dfig \u00fcberpr\u00fcft und entsprechend der technologischen Entwicklung verbessert.<\/li>\n\n\n\n<li>Nutzung von Cookies Unsere Website verwendet Cookies, um die Nutzung der Website zu verbessern und anonyme Statistiken \u00fcber die Besucher zu erstellen. Sie k\u00f6nnen die Verwendung von Cookies in Ihren Browsereinstellungen deaktivieren, wenn Sie dies w\u00fcnschen.<\/li>\n<\/ol>\n\n\n\n<p>Impressum:<\/p>\n\n\n\n<p>Verantwortlich f\u00fcr den Inhalt dieser Website gem\u00e4\u00df \u00a7 5 TMG: Anke S\u00f6mer &#8211; Am Attenberg 1 &#8211; 57462 Olpe<\/p>\n\n\n\n<p>Kontakt: Telefon: +49 1516 8549207 <br>E-Mail: ausatmen.qigong@gmail.com<\/p>\n\n\n\n<p>Haftung f\u00fcr Inhalte: Als Diensteanbieter sind wir gem\u00e4\u00df \u00a7 7 Abs.1 TMG f\u00fcr eigene Inhalte auf dieser Website nach den allgemeinen Gesetzen verantwortlich. Wir sind jedoch nicht verpflichtet, \u00fcbermittelte oder gespeicherte fremde Informationen zu \u00fcberwachen oder nach Umst\u00e4nden zu forschen, die auf eine rechtswidrige T\u00e4tigkeit hinweisen.<\/p>\n\n\n\n<p>Haftung f\u00fcr Links: Unsere Website enth\u00e4lt Links zu externen Websites Dritter, auf deren Inhalte wir keinen Einfluss haben. F\u00fcr die Inhalte der verlinkten Seiten ist stets der jeweilige Anbieter oder Betreiber der Seiten verantwortlich. Eine permanente inhaltliche Kontrolle der verlinkten Seiten ist jedoch ohne konkrete Anhaltspunkte einer Rechtsverletzung nicht zumutbar.<\/p>\n","protected":false},"excerpt":{"rendered":"<p>Datenschutzerkl\u00e4rung: Vielen Dank, dass Sie unsere Website &#8222;ausatmen-qigong.de&#8220; besuchen. Der Schutz Ihrer pers\u00f6nlichen Daten ist uns wichtig. Nachfolgend informieren wir Sie dar\u00fcber, welche Daten w\u00e4hrend Ihres Besuchs erfasst und wie diese genutzt werden: Impressum: Verantwortlich f\u00fcr den Inhalt dieser Website gem\u00e4\u00df \u00a7 5 TMG: Anke S\u00f6mer &#8211; Am Attenberg 1 &#8211; 57462 Olpe Kontakt: Telefon: [&hellip;]<\/p>\n","protected":false},"author":1,"featured_media":0,"parent":0,"menu_order":0,"comment_status":"closed","ping_status":"open","template":"","meta":{"_monsterinsights_skip_tracking":false,"_monsterinsights_sitenote_active":false,"_monsterinsights_sitenote_note":"","_monsterinsights_sitenote_category":0,"_themeisle_gutenberg_block_has_review":false,"footnotes":""},"class_list":["post-114","page","type-page","status-publish","hentry"],"_links":{"self":[{"href":"https:\/\/ausatmen-qigong.de\/index.php?rest_route=\/wp\/v2\/pages\/114","targetHints":{"allow":["GET"]}}],"collection":[{"href":"https:\/\/ausatmen-qigong.de\/index.php?rest_route=\/wp\/v2\/pages"}],"about":[{"href":"https:\/\/ausatmen-qigong.de\/index.php?rest_route=\/wp\/v2\/types\/page"}],"author":[{"embeddable":true,"href":"https:\/\/ausatmen-qigong.de\/index.php?rest_route=\/wp\/v2\/users\/1"}],"replies":[{"embeddable":true,"href":"https:\/\/ausatmen-qigong.de\/index.php?rest_route=%2Fwp%2Fv2%2Fcomments&post=114"}],"version-history":[{"count":0,"href":"https:\/\/ausatmen-qigong.de\/index.php?rest_route=\/wp\/v2\/pages\/114\/revisions"}],"wp:attachment":[{"href":"https:\/\/ausatmen-qigong.de\/index.php?rest_route=%2Fwp%2Fv2%2Fmedia&parent=114"}],"curies":[{"name":"wp","href":"https:\/\/api.w.org\/{rel}","templated":true}]}}